.
2, 47, 229
What are the prime factors of 249?
3, 83
List the prime factors of 1207.
17, 71
List the prime factors of 6800.
2, 5, 17
What are the prime factors of 187?
11, 17
What are the prime factors of 1462?
2, 17, 43
List the prime factors of 41181.
3, 7, 37, 53
List the prime factors of 397.
397
List the prime factors of 89169.
3, 29723
What are the prime factors of 611?
13, 47
List the prime factors of 1312.
2, 41
List the prime factors of 27214.
2, 11, 1237
List the prime factors of 9580.
2, 5, 479
List the prime factors of 1138.
2, 569
List the prime factors of 19618.
2, 17, 577
List the prime factors of 135.
3, 5
List the prime factors of 4281.
3, 1427
List the prime factors of 9976.
2, 29, 43
List the prime factors of 3911.
3911
List the prime factors of 550.
2, 5, 11
What are the prime factors of 53003?
53003
What are the prime factors of 6703?
6703
List the prime factors of 2090.
2, 5, 11, 19
What are the prime factors of 76636?
2, 7, 17, 23
What are the prime factors of 28980?
2, 3, 5, 7, 23
What are the prime factors of 894?
2, 3, 149
What are the prime factors of 231?
3, 7, 11
List the prime factors of 3465.
3, 5, 7, 11
What are the prime factors of 105063?
3, 7, 5003
What are the prime factors of 50658?
2, 3, 8443
List the prime factors of 7508.
2, 1877
List the prime factors of 22492.
2, 5623
List the prime factors of 7765.
5, 1553
What are the prime factors of 1745?
5, 349
List the prime factors of 100951.
157, 643
List the prime factors of 90715.
5, 18143
What are the prime factors of 585?
3, 5, 13
List the prime factors of 1621.
1621
List the prime factors of 1077.
3, 359
What are the prime factors of 17670?
2, 3, 5, 19, 31
List the prime factors of 809.
809
What are the prime factors of 1018?
2, 509
List the prime factors of 31749.
3, 19, 557
List the prime factors of 17150.
2, 5, 7
What are the prime factors of 654?
2, 3, 109
What are the prime factors of 778?
2, 389
List the prime factors of 553.
7, 79
List the prime factors of 1992.
2, 3, 83
List the prime factors of 45971.
45971
List the prime factors of 8409.
3, 2803
What are the prime factors of 4665?
3, 5, 311
List the prime factors of 3250.
2, 5, 13
List the prime factors of 19083.
3, 6361
What are the prime factors of 16084?
2, 4021
List the prime factors of 337.
337
List the prime factors of 10961.
97, 113
What are the prime factors of 21?
3, 7
What are the prime factors of 16466?
2, 8233
List the prime factors of 741.
3, 13, 19
List the prime factors of 19312.
2, 17, 71
What are the prime factors of 698?
2, 349
What are the prime factors of 5054?
2, 7, 19
List the prime factors of 149753.
17, 23, 383
List the prime factors of 5247.
3, 11, 53
What are the prime factors of 34697?
13, 17, 157
What are the prime factors of 1775?
5, 71
List the prime factors of 27458.
2, 13729
List the prime factors of 76735.
5, 103, 149
List the prime factors of 2716.
2, 7, 97
What are the prime factors of 6161?
61, 101
List the prime factors of 39693.
3, 101, 131
List the prime factors of 2649.
3, 883
List the prime factors of 1096.
2, 137
What are the prime factors of 2616?
2, 3, 109
List the prime factors of 2343.
3, 11, 71
List the prime factors of 4218.
2, 3, 19, 37
What are the prime factors of 3808?
2, 7, 17
List the prime factors of 9487.
53, 179
What are the prime factors of 757?
757
What are the prime factors of 11032?
2, 7, 197
What are the prime factors of 53244?
2, 3, 17, 29
List the prime factors of 1350.
2, 3, 5
What are the prime factors of 139069?
7, 19867
List the prime factors of 92182.
2, 46091
What are the prime factors of 5279?
5279
What are the prime factors of 2409?
3, 11, 73
What are the prime factors of 1803?
3, 601
What are the prime factors of 2278?
2, 17, 67
What are the prime factors of 1817?
23, 79
List the prime factors of 8924.
2, 23, 97
List the prime factors of 934.
2, 467
List the prime factors of 940.
2, 5, 47
What are the prime factors of 40998?
2, 3, 6833
List the prime factors of 6137.
17, 19
What are the prime factors of 11747?
17, 691
What are the prime factors of 1418?
2, 709
List the prime factors of 2389.
2389
What are the prime factors of 740?
2, 5, 37
List the prime factors of 26495.
5, 7, 757
What are the prime factors of 8702?
2, 19, 229
List the prime factors of 1627.
1627
List the prime factors of 15956.
2, 3989
What are the prime factors of 18836?
2, 17, 277
List the prime factors of 3809.
13, 293
What are the prime factors of 10895?
5, 2179
List the prime factors of 912.
2, 3, 19
List the prime factors of 4346.
2, 41, 53
What are the prime factors of 10345?
5, 2069
What are the prime factors of 1263?
3, 421
List the prime factors of 24695.
5, 11, 449
What are the prime factors of 4244?
2, 1061
What are the prime factors of 1400?
2, 5, 7
What are the prime factors of 56179?
56179
List the prime factors of 3432.
2, 3, 11, 13
What are the prime factors of 412?
2, 103
What are the prime factors of 130472?
2, 47, 347
What are the prime factors of 11296?
2, 353
What are the prime factors of 14355?
3, 5, 11, 29
List the prime factors of 543.
3, 181
List the prime factors of 30117.
3, 10039
List the prime factors of 437.
19, 23
List the prime factors of 3574.
2, 1787
What are the prime factors of 940?
2, 5, 47
List the prime factors of 1049.
1049
What are the prime factors of 1267?
7, 181
What are the prime factors of 3664?
2, 229
List the prime factors of 75035.
5, 43, 349
What are the prime factors of 7283?
7283
What are the prime factors of 1977?
3, 659
List the prime factors of 2894.
2, 1447
What are the prime factors of 23934?
2, 3, 3989
What are the prime factors of 3412?
2, 853
List the prime factors of 1944.
2, 3
List the prime factors of 82952.
2, 10369
List the prime factors of 32370.
2, 3, 5, 13, 83
List the prime factors of 35456.
2, 277
List the prime factors of 64266.
2, 3, 10711
List the prime factors of 1177.
11, 107
What are the prime factors of 148?
2, 37
List the prime factors of 81226.
2, 17, 2389
What are the prime factors of 684?
2, 3, 19
What are the prime factors of 3942?
2, 3, 73
List the prime factors of 722.
2, 19
What are the prime factors of 2907?
3, 17, 19
List the prime factors of 4831.
4831
List the prime factors of 15007.
43, 349
List the prime factors of 2182.
2, 1091
List the prime factors of 1757.
7, 251
What are the prime factors of 2458?
2, 1229
What are the prime factors of 33310?
2, 5, 3331
What are the prime factors of 17595?
3, 5, 17, 23
What are the prime factors of 2760?
2, 3, 5, 23
List the prime factors of 120979.
311, 389
What are the prime factors of 105564?
2, 3, 19, 463
List the prime factors of 535.
5, 107
What are the prime factors of 110176?
2, 11, 313
What are the prime factors of 1435?
5, 7, 41
What are the prime factors of 478?
2, 239
List the prime factors of 7187.
7187
What are the prime factors of 2249?
13, 173
What are the prime factors of 822?
2, 3, 137
What are the prime factors of 10880?
2, 5, 17
List the prime factors of 1455.
3, 5, 97
What are the prime factors of 18435?
3, 5, 1229
What are the prime factors of 5796?
2, 3, 7, 23
List the prime factors of 3387.
3, 1129
What are the prime factors of 2139?
3, 23, 31
List the prime factors of 1346.
2, 673
What are the prime factors of 10486?
2, 7, 107
List the prime factors of 3434.
2, 17, 101
List the prime factors of 30080.
2, 5, 47
List the prime factors of 295.
5, 59
List the prime factors of 4171.
43, 97
What are the prime factors of 2818?
2, 1409
List the prime factors of 280.
2, 5, 7
List the prime factors of 1872.
2, 3, 13
List the prime factors of 2187.
3
List the prime factors of 11335.
5, 2267
What are the prime factors of 50705?
5, 10141
List the prime factors of 6340.
2, 5, 317
List the prime factors of 153.
3, 17
List the prime factors of 98572.
2, 19, 1297
List the prime factors of 207.
3, 23
What are the prime factors of 6424?
2, 11, 73
What are the prime factors of 79657?
79657
What are the prime factors of 4932?
2, 3, 137
What are the prime factors of 2276?
2, 569
List the prime factors of 358.
2, 179
What are the prime factors of 301?
7, 43
What are the prime factors of 662?
2, 331
What are the prime factors of 1729?
7, 13, 19
List the prime factors of 1607.
1607
List the prime factors of 12896.
2, 13, 3